ate the remainder when 510 is divided by 20.
10
Calculate the remainder when 1575 is divided by 124.
87
Calculate the remainder when 98 is divided by 9.
8
What is the remainder when 7699 is divided by 335?
329
What is the remainder when 3189 is divided by 114?
111
What is the remainder when 146 is divided by 51?
44
Calculate the remainder when 334 is divided by 159.
16
What is the remainder when 128 is divided by 46?
36
Calculate the remainder when 320 is divided by 84.
68
Calculate the remainder when 20 is divided by 8.
4
Calculate the remainder when 802 is divided by 206.
184
What is the remainder when 3443 is divided by 12?
11
What is the remainder when 453 is divided by 142?
27
What is the remainder when 31 is divided by 24?
7
Calculate the remainder when 122 is divided by 18.
14
Calculate the remainder when 225 is divided by 38.
35
What is the remainder when 234 is divided by 125?
109
What is the remainder when 318 is divided by 55?
43
What is the remainder when 1390 is divided by 66?
4
What is the remainder when 129 is divided by 11?
8
What is the remainder when 7074 is divided by 283?
282
What is the remainder when 3658 is divided by 75?
58
Calculate the remainder when 256 is divided by 26.
22
What is the remainder when 1466 is divided by 120?
26
What is the remainder when 2444 is divided by 1212?
20
Calculate the remainder when 191 is divided by 15.
11
What is the remainder when 162 is divided by 49?
15
What is the remainder when 897 is divided by 248?
153
Calculate the remainder when 919 is divided by 32.
23
What is the remainder when 103 is divided by 26?
25
What is the remainder when 2351 is divided by 20?
11
Calculate the remainder when 148 is divided by 10.
8
What is the remainder when 157 is divided by 80?
77
Calculate the remainder when 305 is divided by 44.
41
Calculate the remainder when 115 is divided by 101.
14
What is the remainder when 59 is divided by 39?
20
What is the remainder when 459 is divided by 46?
45
Calculate the remainder when 527 is divided by 10.
7
What is the remainder when 219 is divided by 56?
51
Calculate the remainder when 151 is divided by 26.
21
Calculate the remainder when 510 is divided by 156.
42
What is the remainder when 7 is divided by 4?
3
What is the remainder when 212 is divided by 27?
23
What is the remainder when 2179 is divided by 381?
274
Calculate the remainder when 1362 is divided by 7.
4
What is the remainder when 689 is divided by 45?
14
What is the remainder when 200 is divided by 29?
26
What is the remainder when 979 is divided by 20?
19
What is the remainder when 385 is divided by 73?
20
Calculate the remainder when 1381 is divided by 63.
58
Calculate the remainder when 3879 is divided by 3873.
6
Calculate the remainder when 3015 is divided by 26.
25
What is the remainder when 482 is divided by 44?
42
What is the remainder when 63 is divided by 6?
3
What is the remainder when 501 is divided by 84?
81
Calculate the remainder when 684 is divided by 333.
18
Calculate the remainder when 1264 is divided by 98.
88
What is the remainder when 173 is divided by 19?
2
What is the remainder when 2550 is divided by 44?
42
Calculate the remainder when 1827 is divided by 122.
119
What is the remainder when 756 is divided by 31?
12
Calculate the remainder when 777 is divided by 159.
141
Calculate the remainder when 395 is divided by 33.
32
What is the remainder when 197 is divided by 52?
41
Calculate the remainder when 196 is divided by 44.
20
What is the remainder when 14261 is divided by 17?
15
What is the remainder when 2822 is divided by 936?
14
What is the remainder when 9303 is divided by 66?
63
Calculate the remainder when 435 is divided by 126.
57
Calculate the remainder when 2684 is divided by 224.
220
Calculate the remainder when 15 is divided by 3.
0
Calculate the remainder when 195 is divided by 53.
36
What is the remainder when 6554 is divided by 17?
9
What is the remainder when 736 is divided by 185?
181
What is the remainder when 162 is divided by 114?
48
Calculate the remainder when 313 is divided by 12.
1
Calculate the remainder when 139 is divided by 3.
1
What is the remainder when 5909 is divided by 15?
14
Calculate the remainder when 13982 is divided by 152.
150
Calculate the remainder when 15677 is divided by 64.
61
What is the remainder when 1976 is divided by 33?
29
Calculate the remainder when 193 is divided by 96.
1
What is the remainder when 1849 is divided by 25?
24
What is the remainder when 109 is divided by 42?
25
Calculate the remainder when 384 is divided by 34.
10
What is the remainder when 799 is divided by 385?
29
What is the remainder when 3587 is divided by 13?
12
What is the remainder when 16797 is divided by 21?
18
Calculate the remainder when 863 is divided by 372.
119
What is the remainder when 1268 is divided by 156?
20
What is the remainder when 4055 is divided by 43?
13
What is the remainder when 1090 is divided by 4?
2
What is the remainder when 626 is divided by 65?
41
Calculate the remainder when 424 is divided by 24.
16
Calculate the remainder when 1816 is divided by 17.
14
What is the remainder when 1343 is divided by 667?
9
What is the remainder when 498 is divided by 289?
209
Calculate the remainder when 53 is divided by 27.
26
Calculate the remainder when 78 is divided by 22.
12
Calculate the remainder when 131 is divided by 17.
12
What is the remainder when 828 is divided by 400?
28
Calculate the remainder when 144 is divided by 7.
4
What is the remainder when 718 is divided by 90?
88
Calculate the remainder when 194 is divided by 40.
34
What is the remainder when 1060 is divided by 133?
129
What is the remainder when 464 is divided by 154?
2
Calculate the remainder when 13 is divided by 3.
1
Calculate the remainder when 22054 is divided by 10.
4
Calculate the remainder when 429 is divided by 106.
5
What is the remainder when 3669 is divided by 203?
15
What is the remainder when 33 is divided by 9?
6
Calculate the remainder when 1048 is divided by 21.
19
What is the remainder when 662 is divided by 35?
32
Calculate the remainder when 231 is divided by 56.
7
Calculate the remainder when 777 is divided by 64.
9
Calculate the remainder when 156 is divided by 44.
24
Calculate the remainder when 439 is divided by 196.
47
Calculate the remainder when 81 is divided by 21.
18
Calculate the remainder when 114 is divided by 96.
18
What is the remainder when 6159 is divided by 2043?
30
What is the remainder when 432 is divided by 147?
138
Calculate the remainder when 576 is divided by 34.
32
What is the remainder when 594 is divided by 26?
22
What is the remainder when 272 is divided by 63?
20
What is the remainder when 877 is divided by 23?
3
What is the remainder when 18316 is divided by 213?
211
What is the remainder when 2793 is divided by 11?
10
Calculate the remainder when 745 is divided by 254.
237
What is the remainder when 647 is divided by 132?
119
Calculate the remainder when 11759 is divided by 8.
7
What is the remainder when 113 is divided by 3?
2
What is the remainder when 532 is divided by 3?
1
Calculate the remainder when 1265 is divided by 63.
5
Calculate the remainder when 2316 is divided by 179.
168
Calculate the remainder when 4680 is divided by 1541.
57
What is the remainder when 366 is divided by 94?
84
What is the remainder when 126 is divided by 19?
12
What is the remainder when 1440 is divided by 40?
0
What is the remainder when 96 is divided by 16?
0
Calculate the remainder when 578 is divided by 114.
8
Calculate the remainder when 307 is divided by 72.
19
What is the remainder when 172 is divided by 50?
22
Calculate the remainder when 322 is divided by 310.
12
What is the remainder when 45 is divided by 2?
1
What is the remainder when 109 is divided by 71?
38
Calculate the remainder when 873 is divided by 194.
97
What is the remainder when 1936 is divided by 389?
380
What is the remainder when 579 is divided by 7?
5
What is the remainder when 947 is divided by 28?
23
Calculate the remainder when 50 is divided by 22.
6
What is the remainder when 2347 is divided by 27?
25
Calculate the remainder when 1700 is divided by 13.
10
What is the remainder when 1239 is divided by 39?
30
What is the remainder when 159 is divided by 27?
